b4 (base 12) to base 7
-1144
29 (base 16) to base 7
56
Convert -27 (base 9) to base 6.
-41
-10201 (base 3) to base 10
-100
Convert -2 (base 12) to base 6.
-2
What is -57 (base 13) in base 11?
-66
What is 0 (base 8) in base 12?
0
-20 (base 10) to base 4
-110
What is -243 (base 5) in base 16?
-49
11 (base 3) to base 16
4
Convert 1 (base 2) to base 6.
1
100000 (base 2) to base 8
40
-135 (base 6) to base 14
-43
What is -5 (base 15) in base 9?
-5
-15 (base 15) to base 6
-32
Convert 4 (base 6) to base 7.
4
Convert 2 (base 8) to base 6.
2
What is 64 (base 9) in base 13?
46
Convert 20 (base 9) to base 11.
17
Convert -10011 (base 3) to base 4.
-1111
Convert 38 (base 11) to base 7.
56
What is -2210 (base 4) in base 14?
-ba
What is 104 (base 8) in base 12?
58
c (base 13) to base 6
20
-11 (base 2) to base 15
-3
Convert 5 (base 10) to base 9.
5
-10 (base 6) to base 7
-6
Convert -26 (base 12) to base 15.
-20
Convert -102 (base 8) to base 7.
-123
What is 101001 (base 2) in base 8?
51
23 (base 7) to base 2
10001
Convert 54 (base 8) to base 7.
62
What is 1030 (base 4) in base 8?
114
Convert -11 (base 2) to base 9.
-3
What is -406 (base 7) in base 5?
-1302
What is 100 (base 2) in base 9?
4
Convert -1b (base 13) to base 12.
-20
What is -4b (base 12) in base 15?
-3e
-11211 (base 3) to base 7
-244
What is -10010110 (base 2) in base 11?
-127
What is -15 (base 6) in base 4?
-23
What is 613 (base 7) in base 14?
17a
Convert -24 (base 14) to base 11.
-2a
-41 (base 12) to base 6
-121
What is 1222 (base 5) in base 10?
187
11 (base 13) to base 8
16
What is -155 (base 9) in base 10?
-131
-120 (base 4) to base 10
-24
Convert -146 (base 14) to base 16.
-102
-2 (base 9) to base 12
-2
-8 (base 10) to base 12
-8
Convert -22210 (base 3) to base 9.
-283
What is 3 (base 7) in base 14?
3
6 (base 9) to base 11
6
What is -11 (base 6) in base 5?
-12
What is -100 (base 2) in base 14?
-4
0 (base 2) to base 8
0
1 (base 9) to base 10
1
What is -113 (base 11) in base 7?
-252
-63 (base 10) to base 6
-143
Convert 21 (base 15) to base 4.
133
What is -10 (base 14) in base 8?
-16
Convert -b (base 16) to base 15.
-b
256 (base 7) to base 14
9d
Convert -39 (base 14) to base 15.
-36
What is -2 (base 5) in base 10?
-2
Convert 6 (base 14) to base 4.
12
Convert -103 (base 12) to base 13.
-b4
Convert -3 (base 14) to base 5.
-3
-232 (base 7) to base 13
-94
What is 151 (base 10) in base 3?
12121
What is -1003 (base 4) in base 10?
-67
What is 2 (base 16) in base 7?
2
What is 0 (base 15) in base 7?
0
Convert -1 (base 4) to base 15.
-1
Convert 23 (base 13) to base 3.
1002
-a9 (base 15) to base 5
-1114
23 (base 5) to base 12
11
-11220 (base 3) to base 11
-110
Convert 57 (base 9) to base 7.
103
What is -6 (base 11) in base 16?
-6
-200 (base 3) to base 12
-16
What is -31 (base 6) in base 13?
-16
0 (base 5) to base 7
0
10 (base 4) to base 16
4
20 (base 3) to base 9
6
Convert -31 (base 7) to base 4.
-112
What is -6 (base 14) in base 10?
-6
2 (base 15) to base 14
2
What is 12 (base 5) in base 16?
7
Convert 104 (base 5) to base 10.
29
Convert -2 (base 3) to base 12.
-2
Convert 110 (base 7) to base 16.
38
Convert -1 (base 16) to base 15.
-1
What is -32 (base 12) in base 10?
-38
Convert -2 (base 11) to base 3.
-2
211 (base 3) to base 5
42
Convert 38 (base 10) to base 7.
53
23 (base 9) to base 6
33
Convert 18 (base 9) to base 2.
10001
Convert -401 (base 6) to base 2.
-10010001
Convert 350 (base 7) to base 2.
10110110
Convert 2 (base 6) to base 5.
2
What is -244 (base 6) in base 12?
-84
What is -110 (base 5) in base 8?
-36
-104 (base 7) to base 16
-35
What is -c (base 15) in base 6?
-20
-d (base 16) to base 8
-15
38 (base 10) to base 14
2a
Convert -26 (base 9) to base 11.
-22
8 (base 14) to base 3
22
Convert 4 (base 12) to base 3.
11
What is -6 (base 11) in base 3?
-20
What is -9 (base 10) in base 2?
-1001
Convert 151 (base 8) to base 2.
1101001
What is 51 (base 8) in base 10?
41
What is -11 (base 16) in base 11?
-16
-1 (base 15) to base 10
-1
-2 (base 16) to base 14
-2
What is 45 (base 6) in base 4?
131
2 (base 8) to base 4
2
Convert 2 (base 12) to base 6.
2
Convert -26 (base 14) to base 6.
-54
2 (base 16) to base 9
2
Convert 1110 (base 2) to base 9.
15
Convert -100000 (base 2) to base 12.
-28
What is -13 (base 16) in base 6?
-31
Convert 4 (base 9) to base 2.
100
Convert 160 (base 8) to base 16.
70
What is 69 (base 10) in base 15?
49
What is -20 (base 3) in base 15?
-6
What is 13 (base 11) in base 2?
1110
Convert 110 (base 4) to base 12.
18
-45 (base 14) to base 9
-67
Convert 66 (base 9) to base 16.
3c
-45 (base 12) to base 3
-1222
What is 4 (base 6) in base 3?
11
Convert 0 (base 5) to base 7.
0
21 (base 6) to base 9
14
What is 31 (base 9) in base 13?
22
-3 (base 16) to base 11
-3
Convert -21 (base 4) to base 12.
-9
-521 (base 7) to base 12
-198
-23 (base 8) to base 7
-25
What is -2 (base 8) in base 2?
-10
100 (base 7) to base 3
1211
100 (base 2) to base 15
4
What is 33 (base 6) in base 3?
210
What is -2 (base 3) in base 14?
-2
What is 30 (base 8) in base 16?
18
What is -10 (base 7) in base 5?
-12
Convert -50 (base 10) to base 2.
-110010
Convert -1000111 (base 2) to base 14.
-51
Convert -4 (base 10) to base 8.
-4
What is 6 (base 11) in base 6?
10
5 (base 10) to base 7
5
-43 (base 16) to base 2
-1000011
What is -54 (base 15) in base 14?
-59
-37 (base 11) to base 4
-220
What is -3 (base 8) in base 16?
-3
a (base 14) to base 7
13
What is 0 (base 2) in base 13?
0
11110 (base 2) to base 12
26
What is -26 (base 13) in base 3?
-1012
Convert -149 (base 10) to base 4.
-2111
Convert -4 (base 10) to base 9.
-4
Convert -12 (base 4) to base 15.
-6
What is -1 (base 2) in base 4?
-1
What is 8 (base 11) in base 3?
22
Convert -35 (base 10) to base 15.
-25
3 (base 16) to base 10
3
What is 0 (base 11) in base 2?
0
Convert 143 (base 5) to base 12.
40
-151 (base 6) to base 15
-47
Convert -3 (base 7) to base 3.
-10
-100 (base 2) to base 13
-4
2 (base 12) to base 10
2
Convert 112 (base 4) to base 2.
10110
What is -187 (base 9) in base 8?
-240
What is 4 (base 8) in base 7?
4
Convert -312 (base 4) to base 11.
-4a
-4 (base 9) to base 7
-4
What is 133 (base 12) in base 13?
111
What is 100 (base 2) in base 14?
4
-1 (base 3) to base 5
-1
Convert 3 (base 7) to base 13.
3
Convert -9 (base 15) to base 14.
-9
What is 0 (base 9) in base 11?
0
-170 (base 9) to base 11
-121
What is 6 (base 14) in base 7?
6
Convert -1013 (base 5) to base 13.
-a3
What is -2 (base 10) in base 16?
-2
Convert 8 (base 13) to base 5.
13
What is 2 (base 6) in base 2?
10
Convert -2 (base 14) to base 8.
-2
-2 (base 14) to base 9
-2
1110 (base 2) to base 14
10
Convert 3 (base 7) to base 15.
3
-123 (base 9) to base 16
-66
110 (base 7) to base 14
40
What is -5 (base 13) in base 10?
-5
What is -1 (base 15) in base 5?
-1
Convert -120 (base 5) to base 14.
-27
Convert -7 (base 9) to base 10.
-7
0 (base 15) to base 5
0
Convert -232 (base 5) to base 12.
-57
What is 3 (base 8) in base 13?
3
What is -6 (base 15) in base 4?
-12
What is 2 (base 7) in base 6?
2
4 (base 5) to base 8
4
-5 (base 14) to base 10
-5
Convert 0 (base 16) to base 7.
0
Convert -157 (base 10) to base 15.
-a7
Convert -214 (base 5) to base 16.
-3b
What is 34 (base 5) in base 13?
16
-203 (base 4) to base 2
-100011
-1002 (base 5) to base 7
-241
Convert -111 (base 2) to base 6.
-11
-355 (base 6) to base 14
-a3
What is 0 (base 6) in base 12?
0
-119 (base 13) to base 4
-2333
29 (base 16) to base 12
35
What is 8 (base 16) in base 6?
12
82 (base 11) to base 8
132
What is 110001000 (base 2) in base 7?
1100
What is 143 (base 9) in base 12?
a0
What is 71 (base 9) in base 16?
40
3 (base 6) to base 15
3
What is 11 (base 11) in base 6?
20
What is 50 (base 13) in base 4?
1001
21 (base 8) to base 15
12
Convert 6 (base 8) to base 5.
11
What is -9 (base 12) in base 7?
-12
Convert 7 (base 8) to base 16.
7
Convert 10 (base 14) to base 8.
16
Convert -4 (base 5) to base 9.
-4
What is -4 (base 8) in base 4?
-10
Convert 3 (base 10) to base 13.
3
Convert 178 (base 9) to base 6.
412
Convert 0 (base 15) to base 4.
0
26 (base 7) to base 9
22
-c9 (base 15) to base 10
-189
What is 1d (base 15) in base 3?
1001
What is -1 (base 3) in base 13?
-1
-63 (base 7) to base 6
-113
Convert 0 (base 10) to base 14.
0
-3 (base 11) to base 2
-11
Convert -20 (b